f be k(l). Suppose f*q - 870 = 294. What is the units digit of q?
7
Let f(n) = -329*n - 213. What is the tens digit of f(-12)?
3
Suppose 58*d - 547851 - 406448 = 484159. What is the hundreds digit of d?
8
Suppose 5*j = t + 14, j - 2*j = 4*t - 7. Let f = j + 0. Suppose 3*r = -2*z + 281 - f, -3*r + 290 = 5*z. What is the units digit of r?
0
Suppose 56*a - 57531 = 81135 + 117814. What is the units digit of a?
0
Let c be (-306)/(-4) + (-6)/(-132)*11. Let m = 19 + c. What is the units digit of m?
6
Let x(k) = k**3 - 41*k**2 + 78*k + 7. Let m be x(39). Suppose -m*p + 2951 = -3951. What is the tens digit of p?
8
Let m(u) = 1261*u**2 + 5609*u - 23. What is the tens digit of m(-10)?
8
Suppose 0 = 197*q - 117*q - 1395360. What is the thousands digit of q?
7
Let c(u) = 151*u - 1442. What is the hundreds digit of c(13)?
5
Let l be -2 + 19 + 102/34. Suppose 3*z + 7*w - 10*w - 2082 = 0, 5*w - l = 0. What is the units digit of z?
8
Let a = -116 + 240. Suppose -a = -4*u + 36. Suppose 0 = -l + 120 - u. What is the tens digit of l?
8
Suppose 27*i - 192815 = 433632 - 72596. What is the ten thousands digit of i?
2
Let r be (-2)/(1/(-2)*(-14)/1099). Let o be (1 - 0)*(r - 9/(-3)). Let j = o - -558. What is the hundreds digit of j?
2
Let m = -995 - -1636. Suppose 5*n - 6*n + 222 = -2*z, 3*n - m = z. What is the units digit of n?
2
Let k(s) = -78*s - 30. Let u be k(-4). Let z = u - 161. What is the units digit of z?
1
Suppose -a = 3*h - 4*a - 14622, 2*h - 3*a - 9744 = 0. What is the hundreds digit of h?
8
Let t = -66 + 110. Let n = -25 + t. Suppose n*r = 13*r + 522. What is the units digit of r?
7
Suppose 0 = 11*r - r + 140. Let z(o) be the third derivative of o**5/60 + o**4/3 + 11*o**3/6 - 6*o**2. What is the tens digit of z(r)?
9
Suppose -1227*n + s - 90514 = -1229*n, -2*s + 16 = 0. What is the tens digit of n?
5
Let w = 10263 - 7993. What is the tens digit of w?
7
What is the tens digit of (1 - -1)/(((-1)/(-19675))/((-62)/(-310)))?
7
Suppose -61*p - 6552 = -43*p. Let q = p - -1208. What is the tens digit of q?
4
Suppose 5*s = 4*a + 11103, -5*s = 2*a - 3851 - 7240. What is the thousands digit of s?
2
Let t = 5375 - -1876. What is the tens digit of t?
5
Suppose 4*h + 240 = 304. What is the tens digit of 59 + 0 + h/4?
6
Suppose k - 336 = 3*n, -2*n = 5*k - 725 - 938. Suppose -7*t + 920 + k = 0. What is the hundreds digit of t?
1
Let h(s) be the third derivative of 17*s**4/12 + 41*s**3/2 - 13*s**2 + 2*s. What is the hundreds digit of h(11)?
4
Let z(p) = 12*p + 1. Let r(i) = 13*i. Let x(q) = 2*r(q) - 3*z(q). Let s be x(1). What is the tens digit of 2/s - (-1564)/26?
6
Suppose -2*c = 10 - 18. Suppose c*x - 4440 - 1269 = -3*m, -4283 = -3*x - m. What is the units digit of x/24 + -2*3/12?
9
Suppose 0 = -28*g + 471661 + 60171. What is the hundreds digit of g?
9
What is the tens digit of 32/(-40)*(-1723 - 2)?
8
Suppose 0 = 23*l - 20 - 26. Suppose -4*d = l*u + 3*u - 1799, -u - 3*d = -362. What is the hundreds digit of u?
3
Let j(p) be the third derivative of p**6/120 - p**5/12 + p**4/3 - 19*p**3/6 + 2*p**2 - 11. What is the tens digit of j(11)?
9
Let o(l) = 10*l - 46. Let q be o(5). Suppose 0 = 3*g + 12, -q*j + 4*g - g + 232 = 0. What is the tens digit of j?
5
Let o(g) = -2*g + 18. Let k be o(8). What is the units digit of k - 7 - (1 - 346)?
0
Let z be (-1005)/(-20) + -1 + (-12)/(-16). Let y = z + 327. What is the units digit of y?
7
Suppose 643*t = 626*t + 122475 + 103200. What is the tens digit of t?
7
Let v be (900/30)/(4/(-114)). Let w = v + 1246. What is the hundreds digit of w?
3
Suppose -46*h = -137895 + 723. Suppose 0 = -6*i + 384 + h. What is the hundreds digit of i?
5
Let q = -33 - -31. What is the units digit of 0 + (4 - (-26 - q))?
8
Let g(b) = 457*b**2 + 25*b - 78. Let k be g(3). Suppose 12*q - 2*q - k = 0. What is the hundreds digit of q?
4
Suppose -159 = -6*u + 159. Suppose s - 384 + u = 0. What is the hundreds digit of s?
3
Let b = -22 - -27. Suppose 3*n + b = -28. Let x(r) = -5*r + 32. What is the units digit of x(n)?
7
Let q be (18/12)/((2 - 0)/84). Suppose -12*f = -q + 15. Suppose -3*x - 3*n + 801 = 0, -n = f*x - 5*x + 261. What is the units digit of x?
4
Let u = 13736 - 7229. What is the hundreds digit of u?
5
Suppose c = 4*h - 32, -h + 0*h = 3*c + 96. Let u(b) = b**3 - 3*b**2 - 3*b + 2. Let i be u(5). Let x = c + i. What is the units digit of x?
5
Let g = -4998 - -9390. What is the hundreds digit of g?
3
What is the units digit of (1240/(-2))/(172/(-387)*(-45)/(-410))?
0
Let v = 5 + -303. What is the units digit of (-11)/(11/v)*1?
8
Let p(j) = j**3 - 9*j**2 - 6. Let h be p(9). Let z be (-20)/15 - 14/h - -1. Suppose -3*b + 410 = z*b. What is the tens digit of b?
8
Suppose -15*h + 84 = -h. Let z be (-38)/h + (36/27 - 1). Let v(a) = -35*a + 58. What is the hundreds digit of v(z)?
2
Suppose 159*l - 160769 - 31780 = 0. What is the hundreds digit of l?
2
Suppose -3*r - 101*q = -98*q - 77082, -2 = q. What is the ten thousands digit of r?
2
Suppose -3*m = -2*r + 28 - 20, 0 = 3*r - 4*m - 13. Let k(g) = 2*g - 6*g - 12 + 5*g**2 - 3*g**2. What is the units digit of k(r)?
8
Let m(k) be the third derivative of 53*k**4/8 + 46*k**3/3 + 205*k**2. What is the tens digit of m(5)?
8
Let c(j) be the first derivative of -j**4/4 - j**3/3 - 7*j**2/2 - 12*j - 84. What is the tens digit of c(-8)?
9
Let c(j) = -4 + 6 + 31*j**2 - 3 - 2*j. What is the tens digit of c(-3)?
8
Let s(n) = 121*n**2 - 2*n - 8. Let m be s(4). Suppose -5*d + 356 = 5*j - 2044, 4*d - m = 3*j. What is the tens digit of d?
8
Suppose -221*j - 5*n = -225*j + 190761, 5*j - 238479 = -3*n. What is the ten thousands digit of j?
4
Let b = -2360 + 4011. Let m = b - 1015. What is the units digit of m?
6
Suppose -2*a + 5*x + 17255 = -19453, 0 = 3*a - x - 55062. What is the thousands digit of a?
8
Let d(z) = 2*z**3 + 9*z**2 + 10*z - 59. What is the hundreds digit of d(5)?
4
Let j(c) = -9*c - 82. Let y be j(21). Let f = y - -438. What is the units digit of f?
7
Suppose 0 = 15*t + 4957 + 3383. Let p = t - -827. What is the tens digit of p?
7
Suppose -2*n + 2*r + 20 = 0, -7*n + 31 = -3*n + 5*r. Let d(w) = 11*w - 14. Let u be d(n). What is the hundreds digit of (316/5)/(34/u)?
1
Suppose -507*u - 10446 = -o - 503*u, -5*u - 20871 = -2*o. What is the tens digit of o?
1
Let d(v) = v**3 - 29*v**2 - 30*v + 3. Let w be d(30). Suppose 213 = w*k - 216. What is the tens digit of k?
4
Let a be ((-77)/2)/((-5)/270). Suppose -s + 6*s - a = -4*j, -4*s - 2*j + 1662 = 0. What is the hundreds digit of s?
4
Suppose 172*a - 4*n - 54988 = 168*a, -a + 13771 = 5*n. What is the ten thousands digit of a?
1
Let t = -984 - -620. Let p = -234 - t. Let a = 12 + p. What is the hundreds digit of a?
1
Suppose 0 = -b + 5*m + 5072, 60*m = 4*b + 63*m - 20449. What is the thousands digit of b?
5
Let c be 939*(-3 - -4 - 0). Let h = c - 596. Let g = h - 89. What is the units digit of g?
4
Let j be -4 - ((-30)/5 + -65203). What is the units digit of j/180 + (-1)/4?
2
Let u(f) = 9*f**2 + 20*f + 31. Let c be u(-6). Let q = c - 1. What is the tens digit of q?
3
Suppose -4*d + 23 = 3. Suppose -d*x + 268 = 5*n - 6*x, 0 = 3*n + 2*x - 153. Suppose -2*u + n = 3*r, 3*r = 3*u + u + 65. What is the units digit of r?
9
Suppose 10 = 5*h - 0. Suppose 203 = -5*y - h*y. Let n = -24 - y. What is the units digit of n?
5
Suppose 0*v - 6*v + 347831 = 5*v. What is the tens digit of v?
2
Let h(o) = 4*o**2 + 8*o + 23. Let s be h(-12). Suppose t + 1861 = 3*w, s + 116 = w + t. What is the hundreds digit of w?
6
Let j(r) = r**3 + 11*r**2 + 13*r + 9. Suppose 2*c = -l + 22 + 4, 0 = -5*l - 5*c + 135. Suppose l = -4*y - 8. What is the tens digit of j(y)?
5
Let b(k) = -k**2 - 6*k + 6. Let g be b(-6). Let i(o) = -o**3 + 8*o**2 - 6*o - 1. Let h be i(g). Suppose -34*y = -h*y + 181. What is the units digit of y?
1
What is the ten thousands digit of 17053*13/((-26)/8)*45/(-60)?
5
Let u be 4 + -1 - (2 - 4 - -11). Let o be (-1933)/u + (-2)/12. Suppose 5*q - 173 = -5*y + o, 2*q = 8. What is the units digit of y?
5
Let w(a) = 6777*a - 54. What is the tens digit of w(2)?
0
Let o be (64/96)/((-1)/(-3)). Suppose -w + 339 = 2*h, -1680 = -5*w + o*h + 3*h. What is the hundreds digit of w?
3
Let k(j) = 11 - 72*j + 29*j + 12. Let t be k(9). Let w = -191 - t. What is the tens digit of w?
7
Let q = 23 - 27. L